{"id":1213,"date":"2021-07-23T13:36:02","date_gmt":"2021-07-23T16:36:02","guid":{"rendered":"http:\/\/tamburelloseguros.com.br\/?page_id=1213"},"modified":"2021-08-04T15:02:59","modified_gmt":"2021-08-04T18:02:59","slug":"seu-pet-portopet","status":"publish","type":"page","link":"https:\/\/tamburelloseguros.com.br\/?page_id=1213","title":{"rendered":"Seu-pet-portopet"},"content":{"rendered":"<h5>Tamburello Corretora de Seguros<\/h5>\n<h1>Seu pet<\/h1>\n<p>\t\t\t<a href=\"http:\/\/api.whatsapp.com\/send?1=pt_BR&#038;phone=5511987580000\"><br \/>\n\t\t\t\t\t\t<\/a><br \/>\n\t\t\t<a href=\"https:\/\/tamburelloseguros.com.br\/?page_id=16\"><br \/>\n\t\t\t\t\t\t<\/a><br \/>\n\t\t\t\t\t\t\t\t\t\t\t\t<img decoding=\"async\" width=\"300\" height=\"47\" src=\"http:\/\/tamburelloseguros.com.br\/wp-content\/uploads\/2021\/07\/logo_porto.pet_-300x47.png\" alt=\"\" loading=\"lazy\" srcset=\"https:\/\/tamburelloseguros.com.br\/wp-content\/uploads\/2021\/07\/logo_porto.pet_-300x47.png 300w, https:\/\/tamburelloseguros.com.br\/wp-content\/uploads\/2021\/07\/logo_porto.pet_-1024x162.png 1024w, https:\/\/tamburelloseguros.com.br\/wp-content\/uploads\/2021\/07\/logo_porto.pet_-768x121.png 768w, https:\/\/tamburelloseguros.com.br\/wp-content\/uploads\/2021\/07\/logo_porto.pet_-1536x243.png 1536w, https:\/\/tamburelloseguros.com.br\/wp-content\/uploads\/2021\/07\/logo_porto.pet_-2048x324.png 2048w\" sizes=\"(max-width: 300px) 100vw, 300px\" \/><br \/>\n\t\t\t\t\t\t\t\t\t<a href=\"\">Ambulatorial<\/a><br \/>\n\t\t\t\t\t\t\t\t\t<a href=\"\">Essencial<\/a><br \/>\n\t\t\t\t\t\t\t\t\t<a href=\"\">Completo<\/a><br \/>\n\t\t\t\t\t\t\t\t\tAmbulatorial<\/p>\n<p>A partir de<\/p>\n<h2>R$\u00a099,90\u00a0\/m\u00eas<\/h2>\n<p>Plano anual<\/p>\n<p><a role=\"button\" href=\"#desconto\">Ganhe 30% off no 1\u00ba m\u00eas<\/a><\/p>\n<h4>Coberturas que o plano Ambulatorial oferece:<\/h4>\n<ul>\n<li>Vacinas importadas (Polivalente V10, Antirr\u00e1bica e Bordetella)<\/li>\n<li>Exames laboratoriais<\/li>\n<li>Exames por imagem b\u00e1sicos<\/li>\n<li>Consultas com cl\u00ednico geral<\/li>\n<li>Urg\u00eancia e emerg\u00eancia<\/li>\n<li>Pet Home<\/li>\n<li>Pet Phone<\/li>\n<\/ul>\n<p>\t\t\t\t\t\t\t\t\tEssencial<\/p>\n<p>A partir de<\/p>\n<h2>R$\u00a0199,90\u00a0\/m\u00eas<\/h2>\n<p>Plano anual<\/p>\n<p><a role=\"button\" href=\"#desconto\">Ganhe 30% off no 1\u00ba m\u00eas<\/a><\/p>\n<h4>Tudo que o plano Ambulatorial oferece, mais:<\/h4>\n<ul>\n<li>Check-up anual<\/li>\n<li>Castra\u00e7\u00e3o<\/li>\n<li>Exames cardiol\u00f3gicos<\/li>\n<li>Exames complexos<\/li>\n<li>Consultas com especialistas<\/li>\n<li>Cirurgias<\/li>\n<li>Interna\u00e7\u00f5es<\/li>\n<li>Reppara!+<\/li>\n<\/ul>\n<p>\t\t\t\t\t\t\t\t\tCompleto<\/p>\n<p>A partir de<\/p>\n<h2>R$\u00a0299,90\u00a0\/m\u00eas<\/h2>\n<p>Plano anual<\/p>\n<p><a role=\"button\" href=\"#desconto\">Ganhe 30% off no 1\u00ba m\u00eas<\/a><\/p>\n<h4>Tudo que o plano Essencial oferece, mais:<\/h4>\n<ul>\n<li>Rede de atendimento premium<\/li>\n<li>Fisioterapia<\/li>\n<li>Acupuntura<\/li>\n<li>Tratamento com antipulgas<\/li>\n<li>Aplica\u00e7\u00e3o de verm\u00edfugo<\/li>\n<\/ul>\n<h2>Car\u00eancia ZERO<\/h2>\n<h3>Para pagamento com cart\u00e3o de cr\u00e9dito.<\/h3>\n<h3>Contrate com CAR\u00caNCIA ZERO e comece a utilizar em 48 horas para:<\/h3>\n<h4>Castra\u00e7\u00e3o, vacinas, urg\u00eancia e emerg\u00eancia, consultas, exames e mais.<\/h4>\n<h2>Vant\u00e1gens que s\u00f3 o<\/h2>\n<p>\t\t\t\t\t\t\t\t\t\t\t\t<img decoding=\"async\" width=\"300\" height=\"47\" src=\"http:\/\/tamburelloseguros.com.br\/wp-content\/uploads\/2021\/07\/logo_porto.pet_-300x47.png\" alt=\"\" loading=\"lazy\" srcset=\"https:\/\/tamburelloseguros.com.br\/wp-content\/uploads\/2021\/07\/logo_porto.pet_-300x47.png 300w, https:\/\/tamburelloseguros.com.br\/wp-content\/uploads\/2021\/07\/logo_porto.pet_-1024x162.png 1024w, https:\/\/tamburelloseguros.com.br\/wp-content\/uploads\/2021\/07\/logo_porto.pet_-768x121.png 768w, https:\/\/tamburelloseguros.com.br\/wp-content\/uploads\/2021\/07\/logo_porto.pet_-1536x243.png 1536w, https:\/\/tamburelloseguros.com.br\/wp-content\/uploads\/2021\/07\/logo_porto.pet_-2048x324.png 2048w\" sizes=\"(max-width: 300px) 100vw, 300px\" \/>\t\t\t\t\t\t\t\t\t\t\t\t\t\t<\/p>\n<h2>Tem:<\/h2>\n<figure><img decoding=\"async\" width=\"200\" height=\"200\" src=\"http:\/\/tamburelloseguros.com.br\/wp-content\/uploads\/2021\/07\/pet-home.png\" alt=\"\" loading=\"lazy\" srcset=\"https:\/\/tamburelloseguros.com.br\/wp-content\/uploads\/2021\/07\/pet-home.png 200w, https:\/\/tamburelloseguros.com.br\/wp-content\/uploads\/2021\/07\/pet-home-150x150.png 150w\" sizes=\"(max-width: 200px) 100vw, 200px\" \/><\/figure>\n<h3>Pet Home<\/h3>\n<p>N\u00e3o pode levar o pet a uma cl\u00ednica veterin\u00e1ria? Sem problemas! Com o PetHome os veterin\u00e1rios atendem no conforto da sua casa.<\/p>\n<figure><img decoding=\"async\" width=\"512\" height=\"512\" src=\"http:\/\/tamburelloseguros.com.br\/wp-content\/uploads\/2021\/07\/atend24hs-2.png\" alt=\"\" loading=\"lazy\" srcset=\"https:\/\/tamburelloseguros.com.br\/wp-content\/uploads\/2021\/07\/atend24hs-2.png 512w, https:\/\/tamburelloseguros.com.br\/wp-content\/uploads\/2021\/07\/atend24hs-2-300x300.png 300w, https:\/\/tamburelloseguros.com.br\/wp-content\/uploads\/2021\/07\/atend24hs-2-150x150.png 150w\" sizes=\"(max-width: 512px) 100vw, 512px\" \/><\/figure>\n<h3>Pet Phone<\/h3>\n<p>Tire d\u00favidas e receba orienta\u00e7\u00f5es com o PetPhone. Converse com veterin\u00e1rios de plant\u00e3o 24 horas por dia, 7 dias por semana, tudo pelo telefone.<\/p>\n<figure><img decoding=\"async\" width=\"280\" height=\"245\" src=\"http:\/\/tamburelloseguros.com.br\/wp-content\/uploads\/2021\/07\/desconto.png\" alt=\"\" loading=\"lazy\" \/><\/figure>\n<h3>Clube de vantagens<\/h3>\n<p>Um clube de vantagens exclusivo para oferecer descontos em produtos e servi\u00e7os, como banho, tosa, hotel, transporte para o seu pet, acess\u00f3rios, brinquedos e muito mais.<\/p>\n<figure><img decoding=\"async\" width=\"300\" height=\"288\" src=\"http:\/\/tamburelloseguros.com.br\/wp-content\/uploads\/2021\/07\/reppara02-4-300x288.png\" alt=\"\" loading=\"lazy\" srcset=\"https:\/\/tamburelloseguros.com.br\/wp-content\/uploads\/2021\/07\/reppara02-4-300x288.png 300w, https:\/\/tamburelloseguros.com.br\/wp-content\/uploads\/2021\/07\/reppara02-4.png 410w\" sizes=\"(max-width: 300px) 100vw, 300px\" \/><\/figure>\n<h3>Reppara!+<\/h3>\n<p>Assinatura de servi\u00e7os emergenciais da Porto Seguro para sua casa, que oferece consertos de eletrodom\u00e9sticos, reparos el\u00e9tricos e hidr\u00e1ulicos, desentupimentos e chaveiro<\/p>\n<p>\t\t\t\t\t\t\t\t\t\t\t\t<img decoding=\"async\" width=\"141\" height=\"125\" src=\"http:\/\/tamburelloseguros.com.br\/wp-content\/uploads\/2021\/07\/credit-cards.png\" alt=\"\" loading=\"lazy\" \/>\t\t\t\t\t\t\t\t\t\t\t\t\t\t<\/p>\n<h3>Solicite e pague com cart\u00e3o Porto Seguro e ganhe 10% de desconto <\/h3>\n<h3>Nossos canais<\/h3>\n<p>\t\t\t\t<a href=\"http:\/\/api.whatsapp.com\/send?1=pt_BR&#038;phone=5511982310380\"><br \/>\n\t\t\t\t\t\t\t\t<\/a><\/p>\n<h4>\n\t\t\t\t\t<a href=\"http:\/\/api.whatsapp.com\/send?1=pt_BR&#038;phone=5511982310380\">Whatsapp<\/a><br \/>\n\t\t\t\t<\/h4>\n<p>(11) 98758-0000<\/p>\n<h4>\n\t\t\t\t\t@email<br \/>\n\t\t\t\t<\/h4>\n<p>contato@tamburelloseguros.com.br<\/p>\n<h3>Redes sociais<\/h3>\n<p>\t\t\t\t\t<a href=\"https:\/\/www.facebook.com\/tamburelloseguros\"><br \/>\n\t\t\t\t\t\tFacebook-f<br \/>\n\t\t\t\t\t\t\t\t\t\t\t<\/a><br \/>\n\t\t\t\t\t<a href=\"https:\/\/www.youtube.com\/channel\/UCgE4_XKoaS3mpBqO17VXPzA\"><br \/>\n\t\t\t\t\t\tYoutube<br \/>\n\t\t\t\t\t\t\t\t\t\t\t<\/a><br \/>\n\t\t\t\t\t<a href=\"https:\/\/www.linkedin.com\/company\/69507325\"><br \/>\n\t\t\t\t\t\tLinkedin-in<br \/>\n\t\t\t\t\t\t\t\t\t\t\t<\/a><br \/>\n\t\t\t\t\t<a href=\"https:\/\/www.instagram.com\/tamburelloseguros\/\" target=\"_blank\" rel=\"noopener\"><br \/>\n\t\t\t\t\t\tInstagram<br \/>\n\t\t\t\t\t\t\t\t\t\t\t<\/a><br \/>\n\t\t<strong>Garanta j\u00e1 o seu<\/p>\n<h4>DESCONT\u00c3O 30%<\/h4>\n<p>no primeiro m\u00eas<\/strong>\t\t<\/p>\n<h2>N\u00f3s te ligamos<\/h2>\n<div class=\"wpforms-container \" id=\"wpforms-1216\"><form id=\"wpforms-form-1216\" class=\"wpforms-validate wpforms-form\" data-formid=\"1216\" method=\"post\" enctype=\"multipart\/form-data\" action=\"\/index.php?rest_route=%2Fwp%2Fv2%2Fpages%2F1213\" data-token=\"173eca8009dad2e12ea10b3cfdff6e76\"><noscript class=\"wpforms-error-noscript\">Please enable JavaScript in your browser to complete this form.<\/noscript><div class=\"wpforms-field-container\"><div id=\"wpforms-1216-field_0-container\" class=\"wpforms-field wpforms-field-name\" data-field-id=\"0\"><label class=\"wpforms-field-label wpforms-label-hide\" for=\"wpforms-1216-field_0\">Name <span class=\"wpforms-required-label\">*<\/span><\/label><input type=\"text\" id=\"wpforms-1216-field_0\" class=\"wpforms-field-medium wpforms-field-required\" name=\"wpforms[fields][0]\" placeholder=\"Name*\" required><\/div><div id=\"wpforms-1216-field_1-container\" class=\"wpforms-field wpforms-field-email\" data-field-id=\"1\"><label class=\"wpforms-field-label wpforms-label-hide\" for=\"wpforms-1216-field_1\">Email <span class=\"wpforms-required-label\">*<\/span><\/label><input type=\"email\" id=\"wpforms-1216-field_1\" class=\"wpforms-field-medium wpforms-field-required\" name=\"wpforms[fields][1]\" placeholder=\"Email*\" required><\/div><div id=\"wpforms-1216-field_3-container\" class=\"wpforms-field wpforms-field-number\" data-field-id=\"3\"><label class=\"wpforms-field-label wpforms-label-hide\" for=\"wpforms-1216-field_3\">(DDD) telefone <span class=\"wpforms-required-label\">*<\/span><\/label><input type=\"number\" pattern=\"\\d*\" id=\"wpforms-1216-field_3\" class=\"wpforms-field-medium wpforms-field-required\" name=\"wpforms[fields][3]\" placeholder=\"(DDD) telefone*\" required><\/div><div id=\"wpforms-1216-field_27-container\" class=\"wpforms-field wpforms-field-select wpforms-field-select-style-classic\" data-field-id=\"27\"><label class=\"wpforms-field-label\" for=\"wpforms-1216-field_27\">Qual o seu pet?<\/label><select id=\"wpforms-1216-field_27\" class=\"wpforms-field-medium\" name=\"wpforms[fields][27]\"><option value=\"\" ><\/option><option value=\"Cachorro\" >Cachorro<\/option><option value=\"Gato\" >Gato<\/option><\/select><\/div><div id=\"wpforms-1216-field_28-container\" class=\"wpforms-field wpforms-field-select wpforms-field-select-style-classic\" data-field-id=\"28\"><label class=\"wpforms-field-label\" for=\"wpforms-1216-field_28\">J\u00e1 escolheu o seu plano?<\/label><select id=\"wpforms-1216-field_28\" class=\"wpforms-field-medium\" name=\"wpforms[fields][28]\"><option value=\"Ainda estou em d\u00favida\" >Ainda estou em d\u00favida<\/option><option value=\"Porto.pet Ambulatorial\" >Porto.pet Ambulatorial<\/option><option value=\"Porto.pet Essencial\" >Porto.pet Essencial<\/option><option value=\"Porto.pet Completo\" >Porto.pet Completo<\/option><\/select><\/div><\/div><div class=\"wpforms-field wpforms-field-hp\"><label for=\"wpforms-1216-field-hp\" class=\"wpforms-field-label\">Phone<\/label><input type=\"text\" name=\"wpforms[hp]\" id=\"wpforms-1216-field-hp\" class=\"wpforms-field-medium\"><\/div><div class=\"wpforms-submit-container\" ><input type=\"hidden\" name=\"wpforms[id]\" value=\"1216\"><input type=\"hidden\" name=\"wpforms[author]\" value=\"1\"><button type=\"submit\" name=\"wpforms[submit]\" class=\"wpforms-submit \" id=\"wpforms-submit-1216\" value=\"wpforms-submit\" aria-live=\"assertive\" data-alt-text=\"Enviando...\" data-submit-text=\"Cota\u00e7\u00e3o\">Cota\u00e7\u00e3o<\/button><\/div><\/form><\/div>  <!-- .wpforms-container -->\n","protected":false},"excerpt":{"rendered":"<p>Tamburello Corretora de Seguros Seu pet Ambulatorial Essencial Completo Ambulatorial A partir de R$\u00a099,90\u00a0\/m\u00eas Plano anual Ganhe 30% off no 1\u00ba m\u00eas Coberturas que o plano Ambulatorial oferece: Vacinas importadas (Polivalente V10, Antirr\u00e1bica e Bordetella) Exames laboratoriais Exames por imagem b\u00e1sicos Consultas com cl\u00ednico geral Urg\u00eancia e emerg\u00eancia Pet Home Pet Phone Essencial A partir &hellip;<\/p>\n<p class=\"read-more\"> <a class=\"\" href=\"https:\/\/tamburelloseguros.com.br\/?page_id=1213\"> <span class=\"screen-reader-text\">Seu-pet-portopet<\/span> Read More &raquo;<\/a><\/p>\n","protected":false},"author":1,"featured_media":0,"parent":0,"menu_order":0,"comment_status":"closed","ping_status":"closed","template":"","meta":{"footnotes":""},"_links":{"self":[{"href":"https:\/\/tamburelloseguros.com.br\/index.php?rest_route=\/wp\/v2\/pages\/1213"}],"collection":[{"href":"https:\/\/tamburelloseguros.com.br\/index.php?rest_route=\/wp\/v2\/pages"}],"about":[{"href":"https:\/\/tamburelloseguros.com.br\/index.php?rest_route=\/wp\/v2\/types\/page"}],"author":[{"embeddable":true,"href":"https:\/\/tamburelloseguros.com.br\/index.php?rest_route=\/wp\/v2\/users\/1"}],"replies":[{"embeddable":true,"href":"https:\/\/tamburelloseguros.com.br\/index.php?rest_route=%2Fwp%2Fv2%2Fcomments&post=1213"}],"version-history":[{"count":134,"href":"https:\/\/tamburelloseguros.com.br\/index.php?rest_route=\/wp\/v2\/pages\/1213\/revisions"}],"predecessor-version":[{"id":1390,"href":"https:\/\/tamburelloseguros.com.br\/index.php?rest_route=\/wp\/v2\/pages\/1213\/revisions\/1390"}],"wp:attachment":[{"href":"https:\/\/tamburelloseguros.com.br\/index.php?rest_route=%2Fwp%2Fv2%2Fmedia&parent=1213"}],"curies":[{"name":"wp","href":"https:\/\/api.w.org\/{rel}","templated":true}]}}